0.
2, 5, 11, 199, 2063
What are the prime factors of 3375178?
2, 613, 2753
What are the prime factors of 487581344?
2, 19, 53, 15131
What are the prime factors of 1810672268?
2, 452668067
What are the prime factors of 524699987?
7, 29, 369247
List the prime factors of 1095211780.
2, 5, 13, 4212353
List the prime factors of 311698275.
3, 5, 7, 593711
List the prime factors of 124030496.
2, 523, 7411
What are the prime factors of 396000280?
2, 5, 13, 19, 149, 269
What are the prime factors of 14326275?
3, 5, 67, 2851
What are the prime factors of 289209987?
3, 11, 197, 4943
What are the prime factors of 808295835?
3, 5, 223, 241643
What are the prime factors of 1371310819?
21503, 63773
What are the prime factors of 171762404?
2, 11, 354881
What are the prime factors of 178040263?
23, 37, 209213
List the prime factors of 516558112.
2, 7, 2306063
What are the prime factors of 4267399?
4267399
List the prime factors of 7851759443.
11, 19, 37568227
List the prime factors of 17505787.
13, 271, 4969
List the prime factors of 427370264.
2, 53421283
What are the prime factors of 82973032?
2, 10371629
What are the prime factors of 42906142?
2, 19, 1129109
What are the prime factors of 4719328845?
3, 5, 7, 11, 379, 10781
List the prime factors of 449809430.
2, 5, 7, 29, 221581
What are the prime factors of 60682779?
3, 31, 263, 827
List the prime factors of 82017199.
11, 149, 163, 307
List the prime factors of 5874487.
1321, 4447
List the prime factors of 30183409.
30183409
List the prime factors of 14085905.
5, 2817181
List the prime factors of 70233455.
5, 113, 197, 631
List the prime factors of 291515066.
2, 71, 2052923
What are the prime factors of 6147955?
5, 11, 111781
List the prime factors of 327964318.
2, 11, 53, 281273
List the prime factors of 173530973.
7, 11, 2253649
List the prime factors of 52198165.
5, 10439633
List the prime factors of 46912512.
2, 3, 15271
List the prime factors of 139650631.
17, 29, 283267
List the prime factors of 76394285.
5, 11, 109, 12743
What are the prime factors of 110506177?
157, 703861
List the prime factors of 29568832.
2, 462013
List the prime factors of 114618893.
114618893
What are the prime factors of 408571634?
2, 204285817
List the prime factors of 87538217.
13, 6733709
List the prime factors of 72591446.
2, 36295723
List the prime factors of 1410737425.
5, 6199, 9103
What are the prime factors of 434175693?
3, 7, 20675033
What are the prime factors of 5236033378?
2, 15497, 168937
What are the prime factors of 10867440?
2, 3, 5, 45281
List the prime factors of 47745960.
2, 3, 5, 163, 2441
List the prime factors of 4725869.
29, 107, 1523
What are the prime factors of 579019653?
3, 2767, 23251
What are the prime factors of 3177432976?
2, 4951, 40111
What are the prime factors of 1415172148?
2, 13, 27214849
List the prime factors of 598706950.
2, 5, 239, 50101
What are the prime factors of 68040737?
68040737
List the prime factors of 8242904.
2, 673, 1531
What are the prime factors of 16877731?
13, 179, 7253
What are the prime factors of 18317834?
2, 1249, 7333
What are the prime factors of 101799323?
101799323
List the prime factors of 20732757.
3, 41, 168559
List the prime factors of 97617256.
2, 11, 1109287
List the prime factors of 910607402.
2, 73, 283, 22039
What are the prime factors of 191708137?
37, 5181301
What are the prime factors of 4294304189?
7, 87638861
List the prime factors of 325507218.
2, 3, 673, 80611
List the prime factors of 430641440.
2, 5, 439, 6131
What are the prime factors of 2490640?
2, 5, 163, 191
List the prime factors of 122847746.
2, 7, 17, 53, 9739
What are the prime factors of 3851537578?
2, 7, 17, 16182931
What are the prime factors of 43419149?
67, 648047
What are the prime factors of 134585701?
421, 319681
List the prime factors of 4383098426.
2, 7, 313078459
What are the prime factors of 109944694?
2, 54972347
What are the prime factors of 140359898?
2, 7, 311, 32237
What are the prime factors of 2191996804?
2, 19973, 27437
What are the prime factors of 93633325?
5, 787, 4759
What are the prime factors of 102442304?
2, 1117, 1433
What are the prime factors of 47732706?
2, 3, 7, 197, 641
List the prime factors of 1018536519.
3, 7, 11, 13, 339173
What are the prime factors of 37343869?
37343869
What are the prime factors of 467588950?
2, 5, 9351779
What are the prime factors of 127125505?
5, 13, 1955777
What are the prime factors of 266092042?
2, 133046021
What are the prime factors of 3252130112?
2, 7, 11, 137, 4817
List the prime factors of 2333401104.
2, 3, 47, 1034309
What are the prime factors of 2664249008?
2, 19, 8763977
What are the prime factors of 27586245?
3, 5, 67, 27449
List the prime factors of 2390076056.
2, 298759507
List the prime factors of 5867604118.
2, 167, 17567677
List the prime factors of 594359245.
5, 101, 1176949
What are the prime factors of 290424475?
5, 11, 1056089
What are the prime factors of 1297433430?
2, 3, 5, 19, 252911
List the prime factors of 128468954.
2, 47, 1123, 1217
What are the prime factors of 49285771?
17, 170539
What are the prime factors of 61632766?
2, 13, 1193, 1987
List the prime factors of 207425746.
2, 11, 2161, 4363
What are the prime factors of 431885885?
5, 73, 811, 1459
What are the prime factors of 3971204567?
11, 361018597
What are the prime factors of 54928943?
19, 2890997
What are the prime factors of 1582776?
2, 3, 13, 19, 89
List the prime factors of 1961457754.
2, 149, 6582073
List the prime factors of 667000025.
5, 26680001
What are the prime factors of 78948282?
2, 3, 7, 23, 81727
What are the prime factors of 51169336?
2, 6396167
What are the prime factors of 302261720?
2, 5, 59, 211, 607
List the prime factors of 55659836.
2, 17, 449, 1823
List the prime factors of 231846281.
113, 503, 4079
What are the prime factors of 6108345?
3, 5, 45247
List the prime factors of 106357259.
797, 133447
List the prime factors of 5232021810.
2, 3, 5, 2251, 77477
What are the prime factors of 49814885?
5, 9962977
What are the prime factors of 131719129?
71, 149, 12451
What are the prime factors of 310494654?
2, 3, 5749901
What are the prime factors of 766584313?
11, 577, 120779
List the prime factors of 174763041.
3, 58254347
What are the prime factors of 1875856?
2, 117241
What are the prime factors of 38963072?
2, 19, 37, 433
List the prime factors of 78851321.
17, 31, 149623
What are the prime factors of 56029719?
3, 18676573
What are the prime factors of 1208521353?
3, 13, 19, 1630933
List the prime factors of 341571375.
3, 5, 303619
List the prime factors of 58257636.
2, 3, 29, 167407
What are the prime factors of 1252005053?
13, 61, 1578821
What are the prime factors of 107561595?
3, 5, 7170773
What are the prime factors of 100013912?
2, 12501739
What are the prime factors of 689865368?
2, 739, 116689
List the prime factors of 5139549048.
2, 3, 173, 1237849
List the prime factors of 41450147.
41450147
What are the prime factors of 1445644211?
11, 131422201
What are the prime factors of 5249097?
3, 7, 27773
List the prime factors of 1467716585.
5, 6599, 44483
List the prime factors of 61492982.
2, 30746491
List the prime factors of 140837058.
2, 3, 7824281
List the prime factors of 66533313.
3, 7, 11, 288023
List the prime factors of 857787024.
2, 3, 23, 761, 1021
List the prime factors of 51974744.
2, 6496843
List the prime factors of 40825769.
1129, 36161
List the prime factors of 489392908.
2, 31, 1777, 2221
What are the prime factors of 236817836?
2, 293, 202063
What are the prime factors of 107411431?
41, 269, 9739
List the prime factors of 260308336.
2, 3221, 5051
What are the prime factors of 14720020?
2, 5, 7, 105143
List the prime factors of 366596307.
3, 7, 11, 176333
List the prime factors of 1888635907.
1153, 1638019
List the prime factors of 540642451.
61, 8862991
List the prime factors of 2843495823.
3, 7, 4159, 4651
List the prime factors of 6027185546.
2, 53, 5179, 10979
List the prime factors of 264884855.
5, 52976971
What are the prime factors of 1688959873?
2069, 816317
What are the prime factors of 2155618236?
2, 3, 23, 7810211
List the prime factors of 1761122746.
2, 22291, 39503
What are the prime factors of 21341852?
2, 7, 108887
List the prime factors of 28159224.
2, 3, 1173301
List the 